{"id":3030,"date":"2024-09-03T09:39:46","date_gmt":"2024-09-03T07:39:46","guid":{"rendered":"http:\/\/ceipmiraflores.es\/web\/?page_id=3030"},"modified":"2025-09-12T10:11:50","modified_gmt":"2025-09-12T08:11:50","slug":"horario-inicio-curso","status":"publish","type":"page","link":"https:\/\/ceipmiraflores.es\/web\/horario-inicio-curso\/","title":{"rendered":"HORARIO INICIO CURSO"},"content":{"rendered":"\n<p><\/p>\n\n\n\n<h3 class=\"wp-block-heading has-text-align-center\"><strong>INICIO DEL CURSO ESCOLAR 2025 &#8211; 2026<\/strong><\/h3>\n\n\n\n<h2 class=\"wp-block-heading\"><img loading=\"lazy\" decoding=\"async\" width=\"50\" height=\"50\" class=\"wp-image-1712\" style=\"width: 50px;\" src=\"http:\/\/ceipmiraflores.es\/web\/wp-content\/uploads\/2022\/05\/transparente.png\" alt=\"\" srcset=\"https:\/\/ceipmiraflores.es\/web\/wp-content\/uploads\/2022\/05\/transparente.png 360w, https:\/\/ceipmiraflores.es\/web\/wp-content\/uploads\/2022\/05\/transparente-300x300.png 300w, https:\/\/ceipmiraflores.es\/web\/wp-content\/uploads\/2022\/05\/transparente-150x150.png 150w\" sizes=\"auto, (max-width: 50px) 100vw, 50px\" \/><\/h2>\n\n\n\n<h4 class=\"wp-block-heading has-text-align-center\"><strong>DIA: 10 DE SEPTIEMBRE<\/strong><\/h4>\n\n\n\n<p><strong>ENTRADA<\/strong><\/p>\n\n\n\n<p>HORA: 9:30 . . . . 5\u00ba Y 6\u00ba . . . . . . . . . . . . Port\u00f3n en C\/ Ibrah\u00edm<br>HORA: 10:00 . . . 2\u00ba, 3\u00ba y 4\u00ba . . . . . . . . . Bajando la escalera en Avda. Miraflores de los \u00c1ngeles<br>HORA: 11:00 . . . 1\u00ba . . . . . . . . . . . . . . . .Port\u00f3n grande en Avda. Miraflores de los \u00c1ngeles<br>HORA: 12:00 . . . Inf. de 4 y 5 a\u00f1os . . Port\u00f3n grande en Avda. Miraflores de los \u00c1ngeles<br>HORA: 12:30 . . . Inf. de 3 a\u00f1os . . . . . Port\u00f3n grande en Avda. Miraflores de los \u00c1ngeles<\/p>\n\n\n\n<p><img loading=\"lazy\" decoding=\"async\" width=\"25\" height=\"25\" class=\"wp-image-1712\" style=\"width: 25px;\" src=\"http:\/\/ceipmiraflores.es\/web\/wp-content\/uploads\/2022\/05\/transparente.png\" alt=\"\" srcset=\"https:\/\/ceipmiraflores.es\/web\/wp-content\/uploads\/2022\/05\/transparente.png 360w, https:\/\/ceipmiraflores.es\/web\/wp-content\/uploads\/2022\/05\/transparente-300x300.png 300w, https:\/\/ceipmiraflores.es\/web\/wp-content\/uploads\/2022\/05\/transparente-150x150.png 150w\" sizes=\"auto, (max-width: 25px) 100vw, 25px\" \/><\/p>\n\n\n\n<p><strong>SALIDA<\/strong><\/p>\n\n\n\n<p>HORA: 14:00          CADA CURSO POR SALE POR SU PUERTA DE ENTRADA<\/p>\n\n\n\n<p>                                 LOS HERMANOS\/AS MAYORES SALEN POR EL PORT\u00d3N DE LOS PEQUE\u00d1OS<\/p>\n\n\n\n<p><img loading=\"lazy\" decoding=\"async\" width=\"25\" height=\"25\" class=\"wp-image-1712\" style=\"width: 25px;\" src=\"http:\/\/ceipmiraflores.es\/web\/wp-content\/uploads\/2022\/05\/transparente.png\" alt=\"\" srcset=\"https:\/\/ceipmiraflores.es\/web\/wp-content\/uploads\/2022\/05\/transparente.png 360w, https:\/\/ceipmiraflores.es\/web\/wp-content\/uploads\/2022\/05\/transparente-300x300.png 300w, https:\/\/ceipmiraflores.es\/web\/wp-content\/uploads\/2022\/05\/transparente-150x150.png 150w\" sizes=\"auto, (max-width: 25px) 100vw, 25px\" \/><\/p>\n\n\n\n<h4 class=\"wp-block-heading has-text-align-center\"><strong>A PARTIR DEL D\u00cdA 11 DE SEPTIEMBRE, TODO EL ALUMNADO ENTRAR\u00c1 A LAS 9:00<\/strong><\/h4>\n\n\n\n<p><\/p>\n","protected":false},"excerpt":{"rendered":"<p>INICIO DEL CURSO ESCOLAR 2025 &#8211; 2026 DIA: 10 DE SEPTIEMBRE ENTRADA HORA: 9:30 . . . . 5\u00ba Y 6\u00ba . . . . . . . . . &#8230;<\/p>\n","protected":false},"author":2,"featured_media":0,"parent":0,"menu_order":0,"comment_status":"closed","ping_status":"closed","template":"","meta":{"_uag_custom_page_level_css":"","footnotes":""},"class_list":["post-3030","page","type-page","status-publish","hentry"],"uagb_featured_image_src":{"full":false,"thumbnail":false,"medium":false,"medium_large":false,"large":false,"1536x1536":false,"2048x2048":false,"onepress-blog-small":false,"onepress-small":false,"onepress-medium":false},"uagb_author_info":{"display_name":"Administrador General","author_link":"https:\/\/ceipmiraflores.es\/web\/author\/manager\/"},"uagb_comment_info":0,"uagb_excerpt":"INICIO DEL CURSO ESCOLAR 2025 &#8211; 2026 DIA: 10 DE SEPTIEMBRE ENTRADA HORA: 9:30 . . . . 5\u00ba Y 6\u00ba . . . . . . . . . ...","_links":{"self":[{"href":"https:\/\/ceipmiraflores.es\/web\/wp-json\/wp\/v2\/pages\/3030","targetHints":{"allow":["GET"]}}],"collection":[{"href":"https:\/\/ceipmiraflores.es\/web\/wp-json\/wp\/v2\/pages"}],"about":[{"href":"https:\/\/ceipmiraflores.es\/web\/wp-json\/wp\/v2\/types\/page"}],"author":[{"embeddable":true,"href":"https:\/\/ceipmiraflores.es\/web\/wp-json\/wp\/v2\/users\/2"}],"replies":[{"embeddable":true,"href":"https:\/\/ceipmiraflores.es\/web\/wp-json\/wp\/v2\/comments?post=3030"}],"version-history":[{"count":25,"href":"https:\/\/ceipmiraflores.es\/web\/wp-json\/wp\/v2\/pages\/3030\/revisions"}],"predecessor-version":[{"id":3433,"href":"https:\/\/ceipmiraflores.es\/web\/wp-json\/wp\/v2\/pages\/3030\/revisions\/3433"}],"wp:attachment":[{"href":"https:\/\/ceipmiraflores.es\/web\/wp-json\/wp\/v2\/media?parent=3030"}],"curies":[{"name":"wp","href":"https:\/\/api.w.org\/{rel}","templated":true}]}}

<p></p>



<h3 class="wp-block-heading has-text-align-center"><strong>INICIO DEL CURSO ESCOLAR 2025 &#8211; 2026</strong></h3>



<h2 class="wp-block-heading"><img loading="lazy" decoding="async" width="50" height="50" class="wp-image-1712" style="width: 50px;" src="http://ceipmiraflores.es/web/wp-content/uploads/2022/05/transparente.png" alt="" srcset="https://ceipmiraflores.es/web/wp-content/uploads/2022/05/transparente.png 360w, https://ceipmiraflores.es/web/wp-content/uploads/2022/05/transparente-300x300.png 300w, https://ceipmiraflores.es/web/wp-content/uploads/2022/05/transparente-150x150.png 150w" sizes="auto, (max-width: 50px) 100vw, 50px" /></h2>



<h4 class="wp-block-heading has-text-align-center"><strong>DIA: 10 DE SEPTIEMBRE</strong></h4>



<p><strong>ENTRADA</strong></p>



<p>HORA: 9:30 . . . . 5º Y 6º . . . . . . . . . . . . Portón en C/ Ibrahím<br>HORA: 10:00 . . . 2º, 3º y 4º . . . . . . . . . Bajando la escalera en Avda. Miraflores de los Ángeles<br>HORA: 11:00 . . . 1º . . . . . . . . . . . . . . . .Portón grande en Avda. Miraflores de los Ángeles<br>HORA: 12:00 . . . Inf. de 4 y 5 años . . Portón grande en Avda. Miraflores de los Ángeles<br>HORA: 12:30 . . . Inf. de 3 años . . . . . Portón grande en Avda. Miraflores de los Ángeles</p>



<p><img loading="lazy" decoding="async" width="25" height="25" class="wp-image-1712" style="width: 25px;" src="http://ceipmiraflores.es/web/wp-content/uploads/2022/05/transparente.png" alt="" srcset="https://ceipmiraflores.es/web/wp-content/uploads/2022/05/transparente.png 360w, https://ceipmiraflores.es/web/wp-content/uploads/2022/05/transparente-300x300.png 300w, https://ceipmiraflores.es/web/wp-content/uploads/2022/05/transparente-150x150.png 150w" sizes="auto, (max-width: 25px) 100vw, 25px" /></p>



<p><strong>SALIDA</strong></p>



<p>HORA: 14:00          CADA CURSO POR SALE POR SU PUERTA DE ENTRADA</p>



<p>                                 LOS HERMANOS/AS MAYORES SALEN POR EL PORTÓN DE LOS PEQUEÑOS</p>



<p><img loading="lazy" decoding="async" width="25" height="25" class="wp-image-1712" style="width: 25px;" src="http://ceipmiraflores.es/web/wp-content/uploads/2022/05/transparente.png" alt="" srcset="https://ceipmiraflores.es/web/wp-content/uploads/2022/05/transparente.png 360w, https://ceipmiraflores.es/web/wp-content/uploads/2022/05/transparente-300x300.png 300w, https://ceipmiraflores.es/web/wp-content/uploads/2022/05/transparente-150x150.png 150w" sizes="auto, (max-width: 25px) 100vw, 25px" /></p>



<h4 class="wp-block-heading has-text-align-center"><strong>A PARTIR DEL DÍA 11 DE SEPTIEMBRE, TODO EL ALUMNADO ENTRARÁ A LAS 9:00</strong></h4>



<p></p>

<p>INICIO DEL CURSO ESCOLAR 2025 &#8211; 2026 DIA: 10 DE SEPTIEMBRE ENTRADA HORA: 9:30 . . . . 5º Y 6º . . . . . . . . . &#8230;</p>

INICIO DEL CURSO ESCOLAR 2025 &#8211; 2026 DIA: 10 DE SEPTIEMBRE ENTRADA HORA: 9:30 . . . . 5º Y 6º . . . . . . . . . ...
